 remainder when 103 is divided by 57.
46
Calculate the remainder when 160 is divided by 123.
37
Calculate the remainder when 125 is divided by 69.
56
Calculate the remainder when 352 is divided by 60.
52
Calculate the remainder when 1170 is divided by 197.
185
Calculate the remainder when 162 is divided by 87.
75
What is the remainder when 3779 is divided by 35?
34
What is the remainder when 30 is divided by 18?
12
What is the remainder when 1267 is divided by 47?
45
What is the remainder when 7 is divided by 3?
1
Calculate the remainder when 1566 is divided by 783.
0
What is the remainder when 138 is divided by 40?
18
What is the remainder when 1593 is divided by 14?
11
What is the remainder when 18 is divided by 10?
8
Calculate the remainder when 1142 is divided by 11.
9
What is the remainder when 97 is divided by 28?
13
What is the remainder when 321 is divided by 27?
24
What is the remainder when 232 is divided by 116?
0
What is the remainder when 312 is divided by 140?
32
Calculate the remainder when 1425 is divided by 53.
47
Calculate the remainder when 113 is divided by 98.
15
Calculate the remainder when 490 is divided by 83.
75
What is the remainder when 485 is divided by 238?
9
What is the remainder when 6655 is divided by 21?
19
Calculate the remainder when 91 is divided by 27.
10
Calculate the remainder when 14255 is divided by 264.
263
What is the remainder when 112 is divided by 90?
22
What is the remainder when 1009 is divided by 92?
89
What is the remainder when 218 is divided by 76?
66
What is the remainder when 255 is divided by 138?
117
What is the remainder when 1244 is divided by 411?
11
What is the remainder when 132 is divided by 114?
18
What is the remainder when 2295 is divided by 56?
55
Calculate the remainder when 1439 is divided by 8.
7
Calculate the remainder when 409 is divided by 86.
65
Calculate the remainder when 437 is divided by 135.
32
What is the remainder when 247 is divided by 71?
34
Calculate the remainder when 141 is divided by 55.
31
What is the remainder when 2115 is divided by 73?
71
What is the remainder when 111 is divided by 31?
18
Calculate the remainder when 3523 is divided by 3520.
3
Calculate the remainder when 2064 is divided by 39.
36
What is the remainder when 181 is divided by 53?
22
Calculate the remainder when 208 is divided by 31.
22
What is the remainder when 1455 is divided by 147?
132
Calculate the remainder when 2446 is divided by 12.
10
What is the remainder when 4306 is divided by 6?
4
Calculate the remainder when 60448 is divided by 65.
63
Calculate the remainder when 315 is divided by 285.
30
What is the remainder when 455 is divided by 22?
15
What is the remainder when 514 is divided by 11?
8
Calculate the remainder when 1675 is divided by 554.
13
Calculate the remainder when 163 is divided by 10.
3
What is the remainder when 114 is divided by 29?
27
What is the remainder when 286 is divided by 58?
54
Calculate the remainder when 401 is divided by 104.
89
What is the remainder when 27 is divided by 17?
10
What is the remainder when 53 is divided by 52?
1
What is the remainder when 170 is divided by 67?
36
Calculate the remainder when 2138 is divided by 143.
136
Calculate the remainder when 254 is divided by 57.
26
Calculate the remainder when 27 is divided by 1.
0
What is the remainder when 471 is divided by 79?
76
Calculate the remainder when 61 is divided by 40.
21
Calculate the remainder when 538 is divided by 15.
13
Calculate the remainder when 251 is divided by 47.
16
Calculate the remainder when 108 is divided by 53.
2
Calculate the remainder when 139 is divided by 3.
1
What is the remainder when 2727 is divided by 62?
61
Calculate the remainder when 180 is divided by 52.
24
Calculate the remainder when 9952 is divided by 14.
12
Calculate the remainder when 90 is divided by 62.
28
Calculate the remainder when 559 is divided by 51.
49
Calculate the remainder when 280 is divided by 58.
48
Calculate the remainder when 275 is divided by 138.
137
What is the remainder when 15 is divided by 7?
1
What is the remainder when 2737 is divided by 20?
17
What is the remainder when 839 is divided by 206?
15
What is the remainder when 138 is divided by 23?
0
What is the remainder when 228 is divided by 59?
51
What is the remainder when 132 is divided by 52?
28
Calculate the remainder when 56 is divided by 12.
8
What is the remainder when 621 is divided by 16?
13
Calculate the remainder when 2396 is divided by 99.
20
What is the remainder when 3070 is divided by 344?
318
What is the remainder when 1648 is divided by 19?
14
Calculate the remainder when 137 is divided by 35.
32
What is the remainder when 5454 is divided by 88?
86
Calculate the remainder when 107 is divided by 38.
31
Calculate the remainder when 203 is divided by 152.
51
What is the remainder when 999 is divided by 180?
99
What is the remainder when 472 is divided by 81?
67
What is the remainder when 621 is divided by 69?
0
What is the remainder when 80 is divided by 5?
0
Calculate the remainder when 70 is divided by 13.
5
Calculate the remainder when 264 is divided by 19.
17
What is the remainder when 5330 is divided by 124?
122
What is the remainder when 278 is divided by 14?
12
Calculate the remainder when 27 is divided by 3.
0
Calculate the remainder when 5156 is divided by 43.
39
What is the remainder when 414 is divided by 409?
5
What is the remainder when 25549 is divided by 70?
69
What is the remainder when 860 is divided by 7?
6
What is the remainder when 241 is divided by 52?
33
What is the remainder when 1614 is divided by 31?
2
What is the remainder when 265 is divided by 255?
10
Calculate the remainder when 1262 is divided by 313.
10
Calculate the remainder when 1847 is divided by 42.
41
What is the remainder when 426 is divided by 13?
10
What is the remainder when 2908 is divided by 14?
10
What is the remainder when 1678 is divided by 48?
46
What is the remainder when 653 is divided by 190?
83
What is the remainder when 228 is divided by 78?
72
Calculate the remainder when 144 is divided by 75.
69
Calculate the remainder when 3614 is divided by 20.
14
What is the remainder when 321 is divided by 33?
24
Calculate the remainder when 87 is divided by 54.
33
Calculate the remainder when 54 is divided by 43.
11
What is the remainder when 1613 is divided by 17?
15
Calculate the remainder when 259 is divided by 155.
104
What is the remainder when 2923 is divided by 244?
239
Calculate the remainder when 56 is divided by 25.
6
What is the remainder when 1042 is divided by 12?
10
Calculate the remainder when 4312 is divided by 105.
7
Calculate the remainder when 3494 is divided by 46.
44
What is the remainder when 847 is divided by 421?
5
What is the remainder when 803 is divided by 144?
83
What is the remainder when 2699 is divided by 895?
14
Calculate the remainder when 681 is divided by 31.
30
Calculate the remainder when 806 is divided by 67.
2
Calculate the remainder when 33 is divided by 18.
15
What is the remainder when 11483 is divided by 44?
43
Calculate the remainder when 714 is divided by 39.
12
What is the remainder when 406 is divided by 194?
18
What is the remainder when 217 is divided by 38?
27
Calculate the remainder when 371 is divided by 169.
33
Calculate the remainder when 181 is divided by 63.
55
What is the remainder when 139 is divided by 117?
22
Calculate the remainder when 121 is divided by 59.
3
Calculate the remainder when 341 is divided by 197.
144
What is the remainder when 1722 is divided by 861?
0
Calculate the remainder when 1066 is divided by 89.
87
What is the remainder when 54 is divided by 12?
6
Calculate the remainder when 74 is divided by 13.
9
What is the remainder when 3764 is divided by 10?
4
Calculate the remainder when 104 is divided by 98.
6
What is the remainder when 83 is divided by 1?
0
What is the remainder when 20 is divided by 7?
6
Calculate the remainder when 41 is divided by 14.
13
Calculate the remainder when 277 is divided by 57.
49
What is the remainder when 1393 is divided by 31?
29
What is the remainder when 104 is divided by 85?
19
What is the remainder when 1074 is divided by 12?
6
Calculate the remainder when 740 is divided by 53.
51
What is the remainder w